{"version":"1.0","provider_name":"Blog Shabana","provider_url":"https:\/\/www.shabana.fr\/blog","author_name":"Shabana","author_url":"https:\/\/www.shabana.fr\/blog\/author\/jerome\/","title":"L\u2019\u00e2ge id\u00e9al pour porter des boucles d\u2019oreilles","type":"rich","width":600,"height":338,"html":"<blockquote class=\"wp-embedded-content\" data-secret=\"zKz1PFmUiO\"><a href=\"https:\/\/www.shabana.fr\/blog\/lage-ideal-pour-porter-des-boucles-doreilles\/\">L\u2019\u00e2ge id\u00e9al pour porter des boucles d\u2019oreilles<\/a><\/blockquote><iframe sandbox=\"allow-scripts\" security=\"restricted\" src=\"https:\/\/www.shabana.fr\/blog\/lage-ideal-pour-porter-des-boucles-doreilles\/embed\/#?secret=zKz1PFmUiO\" width=\"600\" height=\"338\" title=\"\u00ab\u00a0L\u2019\u00e2ge id\u00e9al pour porter des boucles d\u2019oreilles\u00a0\u00bb &#8212; Blog Shabana\" data-secret=\"zKz1PFmUiO\" frameborder=\"0\" marginwidth=\"0\" marginheight=\"0\" scrolling=\"no\" class=\"wp-embedded-content\"><\/iframe><script>\n\/*! This file is auto-generated *\/\n!function(d,l){\"use strict\";l.querySelector&&d.addEventListener&&\"undefined\"!=typeof URL&&(d.wp=d.wp||{},d.wp.receiveEmbedMessage||(d.wp.receiveEmbedMessage=function(e){var t=e.data;if((t||t.secret||t.message||t.value)&&!\/[^a-zA-Z0-9]\/.test(t.secret)){for(var s,r,n,a=l.querySelectorAll('iframe[data-secret=\"'+t.secret+'\"]'),o=l.querySelectorAll('blockquote[data-secret=\"'+t.secret+'\"]'),c=new RegExp(\"^https?:$\",\"i\"),i=0;i<o.length;i++)o[i].style.display=\"none\";for(i=0;i<a.length;i++)s=a[i],e.source===s.contentWindow&&(s.removeAttribute(\"style\"),\"height\"===t.message?(1e3<(r=parseInt(t.value,10))?r=1e3:~~r<200&&(r=200),s.height=r):\"link\"===t.message&&(r=new URL(s.getAttribute(\"src\")),n=new URL(t.value),c.test(n.protocol))&&n.host===r.host&&l.activeElement===s&&(d.top.location.href=t.value))}},d.addEventListener(\"message\",d.wp.receiveEmbedMessage,!1),l.addEventListener(\"DOMContentLoaded\",function(){for(var e,t,s=l.querySelectorAll(\"iframe.wp-embedded-content\"),r=0;r<s.length;r++)(t=(e=s[r]).getAttribute(\"data-secret\"))||(t=Math.random().toString(36).substring(2,12),e.src+=\"#?secret=\"+t,e.setAttribute(\"data-secret\",t)),e.contentWindow.postMessage({message:\"ready\",secret:t},\"*\")},!1)))}(window,document);\n\/\/# sourceURL=https:\/\/www.shabana.fr\/blog\/wp-includes\/js\/wp-embed.min.js\n<\/script>\n","thumbnail_url":"https:\/\/www.shabana.fr\/blog\/wp-content\/uploads\/2022\/07\/piercing-enfant-boucles-oreilles.jpeg","thumbnail_width":960,"thumbnail_height":667,"description":"La question de nombreux parent : Quel est l&rsquo;\u00e2ge minimum d&rsquo;un enfant pour lui mettre des boucles d&rsquo;oreilles? Faire porter des boucles d\u2019oreilles \u00e0 nos petites filles peut relever de la tradition familiale, de la culture ou m\u00eame de la requ\u00eate de nos enfants. Pour autant, en tant que parent, il est l\u00e9gitime de se [&hellip;]"}

L’âge idéal pour porter des boucles d’oreilles

<blockquote class="wp-embedded-content" data-secret="zKz1PFmUiO"><a href="https://www.shabana.fr/blog/lage-ideal-pour-porter-des-boucles-doreilles/">L’âge idéal pour porter des boucles d’oreilles</a></blockquote><iframe sandbox="allow-scripts" security="restricted" src="https://www.shabana.fr/blog/lage-ideal-pour-porter-des-boucles-doreilles/embed/#?secret=zKz1PFmUiO" width="600" height="338" title="« L’âge idéal pour porter des boucles d’oreilles » &#8212; Blog Shabana" data-secret="zKz1PFmUiO" frameborder="0" marginwidth="0" marginheight="0" scrolling="no" class="wp-embedded-content"></iframe><script>
/*! This file is auto-generated */
!function(d,l){"use strict";l.querySelector&&d.addEventListener&&"undefined"!=typeof URL&&(d.wp=d.wp||{},d.wp.receiveEmbedMessage||(d.wp.receiveEmbedMessage=function(e){var t=e.data;if((t||t.secret||t.message||t.value)&&!/[^a-zA-Z0-9]/.test(t.secret)){for(var s,r,n,a=l.querySelectorAll('iframe[data-secret="'+t.secret+'"]'),o=l.querySelectorAll('blockquote[data-secret="'+t.secret+'"]'),c=new RegExp("^https?:$","i"),i=0;i<o.length;i++)o[i].style.display="none";for(i=0;i<a.length;i++)s=a[i],e.source===s.contentWindow&&(s.removeAttribute("style"),"height"===t.message?(1e3<(r=parseInt(t.value,10))?r=1e3:~~r<200&&(r=200),s.height=r):"link"===t.message&&(r=new URL(s.getAttribute("src")),n=new URL(t.value),c.test(n.protocol))&&n.host===r.host&&l.activeElement===s&&(d.top.location.href=t.value))}},d.addEventListener("message",d.wp.receiveEmbedMessage,!1),l.addEventListener("DOMContentLoaded",function(){for(var e,t,s=l.querySelectorAll("iframe.wp-embedded-content"),r=0;r<s.length;r++)(t=(e=s[r]).getAttribute("data-secret"))||(t=Math.random().toString(36).substring(2,12),e.src+="#?secret="+t,e.setAttribute("data-secret",t)),e.contentWindow.postMessage({message:"ready",secret:t},"*")},!1)))}(window,document);
//# sourceURL=https://www.shabana.fr/blog/wp-includes/js/wp-embed.min.js
</script>

La question de nombreux parent : Quel est l&rsquo;âge minimum d&rsquo;un enfant pour lui mettre des boucles d&rsquo;oreilles? Faire porter des boucles d’oreilles à nos petites filles peut relever de la tradition familiale, de la culture ou même de la requête de nos enfants. Pour autant, en tant que parent, il est légitime de se [&hellip;]
